s the units digit of o?
5
What is the tens digit of (66/(-10))/(9/(-45))?
3
Let o = 21 + 0. What is the tens digit of o?
2
Suppose -5 = 4*s + 3. What is the units digit of (s/10 - -1)*5?
4
Let f(g) = -g. Let w be f(3). Let t = 0 + w. Let n = 10 + t. What is the units digit of n?
7
Suppose -3*v - m + 13 = 0, -2*v = m + 1 - 8. What is the units digit of v?
6
Let m be 78*(8/12)/1. Let o = -35 + m. What is the tens digit of o?
1
Let r = 100 + -39. What is the units digit of r?
1
Let c be (-117)/(-5) + 15/25. What is the units digit of (-4)/(-26) - c/(-13)?
2
Let r(k) = k**3 + 3*k**2 + k + 2. Let a be r(-3). Let s be a + -1 + (-1 - -2). Let d(h) = 11*h**2 + 2*h + 1. What is the tens digit of d(s)?
1
What is the units digit of (-1136)/(-24) - 4/(-6)?
8
Suppose -5*v - 20 = -3*g, -2*g - 1 = 4*v - 7. Let s = -3 + g. What is the units digit of s?
2
Let k(o) = 6*o**3. Let b = -5 - -6. What is the units digit of k(b)?
6
Suppose 0*x + 57 = 4*x - 5*i, 0 = -3*i - 15. What is the units digit of x?
8
Let v be -7 - (-2 - (-1 - -2)). What is the units digit of ((-496)/(-32))/((-2)/v)?
1
Let q(w) = 6*w**3 + 2*w**2 - 2*w + 1. Let h be q(1). Suppose h*s - 4 = 3*s. Suppose s + 2 = -k, 64 = 5*a - 3*k. What is the units digit of a?
1
Suppose 0 = m + g - 28, -3*m + 5*g + 92 = -0*m. Let h = m + -15. What is the tens digit of h?
1
Suppose 4*j + 6 = 14. Suppose -2*w = -2*r + 10, j = -2*w - 2. What is the units digit of r?
3
Let u(g) = g**3 + 9*g**2 + 7*g - 4. Let n be u(-8). Suppose -38 = n*j - 5*j. What is the tens digit of j?
3
Suppose 74 = 2*t - 4*o, o + 0*o - 97 = -3*t. What is the units digit of t?
3
Suppose -4*d = -12, -s + 3*d - d = -4. Suppose 2 = -g + s. What is the units digit of g?
8
Let v(f) = -f**3 + 8*f**2 + 11*f - 13. Let x be v(9). Let r be (-186)/8 - x/(-20). Let a = 36 + r. What is the tens digit of a?
1
What is the tens digit of 2/2*28 - -2?
3
Let b be ((-27)/(-2))/((-1)/2). Let k = -13 - b. Let n = k - 6. What is the units digit of n?
8
Let k(t) = -2*t + 12. Let w be k(4). Suppose 7*a = 2*a + 25. Suppose a + 15 = w*i. What is the units digit of i?
5
What is the hundreds digit of (35/(-10) + 4)*422?
2
Let q = 4 + -4. Suppose 2*z + 5*r + 10 - 2 = 0, z + 5*r + 14 = q. Let l(h) = h**3 - 7*h**2 + 8*h - 4. What is the units digit of l(z)?
8
Suppose 13*h + 10 = 8*h. Let k = 15 + h. What is the units digit of k?
3
What is the tens digit of (-4)/14 + 38/(-14) + 60?
5
Let v = 2 + -4. What is the units digit of (-51)/v + (-2)/4?
5
Let v be ((3 - 6) + 3)/(-1). Let y = v + 4. What is the units digit of y?
4
Let u(m) = -3*m**2 + 6*m - 6. Let s(q) = q**2 - q + 1. Suppose 3*f - 9 = 0, -3*v = -4*f + 3*f. Let c(b) = v*u(b) + 4*s(b). What is the units digit of c(-4)?
6
Let w(x) = 26*x**3 - 4*x + 3. What is the units digit of w(2)?
3
Let u = 91 + -52. Let l = -15 + u. What is the tens digit of l?
2
Let z = 77 - -17. What is the tens digit of z?
9
Let p(l) = -l**2 + 1. Let o(r) = 5*r**2 - 7*r + 8. Let z(k) = o(k) + 4*p(k). What is the units digit of z(8)?
0
Suppose -4*p - 2*z + 158 = 0, 3*z = 2*p + 2*z - 89. What is the units digit of p?
2
Let k(p) = -p**3 + 7*p**2 + 8*p + 2. Let j be k(8). Suppose 0 = -j*g - 3 + 11. What is the units digit of g?
4
Suppose -5 - 1 = -2*o. Suppose -4*c = o*b - 15, 0*c - 17 = -5*c - 2*b. Suppose -x + 11 = c*q, -2*q - 2*x + 8 + 2 = 0. What is the units digit of q?
3
Let o be 2/4*(23 + -3). Let j be (8/o)/((-2)/(-15)). Suppose 4*l = 2*l + j. What is the units digit of l?
3
Let u(j) = j**3 - 2*j**2 - 8*j + 8. What is the units digit of u(6)?
4
Suppose 21 = m - 5*r, 0 = -m + 4*m - 2*r - 11. Let g(j) = 13*j - 1. Let t be g(m). Suppose t = 2*n - 2. What is the units digit of n?
7
Let b(x) = x**3 + 4*x**2 + 1 - x**2 + 2*x + x**2 - 2. Let t be b(-2). Suppose 0 = t*w + 4*l - 54, -l + 0*l = w - 17. What is the units digit of w?
4
Let j be 8*(-1 - (-2)/(-4)). Let k = 19 + -44. Let p = j - k. What is the units digit of p?
3
What is the units digit of (31 - -4 - 1)/2?
7
Let x be (-5)/((-15)/(-6)) + -3. Let d be 7/1 - (x + 2). Suppose -d - 2 = -3*y. What is the units digit of y?
4
Let t = 12 + -6. Let w = 11 - t. Suppose h - n = -0*n + 16, -w*n + 32 = 3*h. What is the tens digit of h?
1
Let s = -21 - -25. Suppose 0 = 2*y - s*y + 42. What is the units digit of y?
1
What is the units digit of (24/(-6) + 5)/((-1)/(-66))?
6
Let u(p) = -4*p. Let m(i) = -3*i. Let d(o) = -5*m(o) + 4*u(o). What is the units digit of d(-2)?
2
Suppose 10*k - 420 = -10*k. What is the tens digit of k?
2
Suppose -2*b - 16 = -4*b - 5*c, 5*c = 10. Let o = -31 - -36. Suppose -r = -2*h - 15, b*r + h + o = -3*h. What is the units digit of r?
5
Suppose -6*r = -112 - 230. What is the tens digit of r?
5
Let v = 53 + -34. What is the units digit of v?
9
Let j(s) = -11*s - 15. Let b(n) = -7*n - 10. Let l(t) = 8*b(t) - 5*j(t). Let k be l(-6). Suppose 0 = r - 7 + k. What is the units digit of r?
6
Suppose z = -f - 4*f + 27, z = 4*f - 18. Let g be ((-3)/z)/((-2)/4). Suppose 0*q + g*q = 18. What is the units digit of q?
6
Let d(l) = -l**3 - 5*l**2 - 3*l - 8. Let g be d(-6). Suppose f + 15 = -5*h - g, -2*f - 2*h - 98 = 0. What is the units digit of 4/(-6) + f/(-6)?
7
Suppose p - i = 37, -5*p + 88 + 89 = -i. What is the units digit of p?
5
What is the units digit of -8 + 16 - (-2 + 1)?
9
Suppose 897 = 3*i + 3. What is the tens digit of i?
9
Let h = 18 - 13. Suppose 0 = -4*i + h*i. Suppose 4*b - 4*u - 12 = i, -4*u = 7*b - 4*b - 44. What is the units digit of b?
8
Suppose -4*w + 770 = 3*w. What is the hundreds digit of w?
1
Let v = 0 - 2. Let m be v/8 - (-2)/8. Suppose -18 + m = -3*x. What is the units digit of x?
6
Suppose 0*w = 4*w + 4. Let y = -1 - w. What is the units digit of (6/1 - y) + -1?
5
Let i(u) = -3*u**2 - u. Let t be i(3). Let s = 45 + t. What is the tens digit of s?
1
Let u be (15 + 3)*3/(-2). What is the tens digit of -3 + u/(-1) - -3?
2
Let j = 138 + -92. Let u = -32 + j. What is the units digit of u?
4
Let g be (2 + -3)*(0 - 2). Suppose 0 = 2*q + g + 6. Let y = q + 12. What is the units digit of y?
8
Let l be (-183)/(-9) + 1/(-3). Let x = l - 4. What is the units digit of x?
6
Let f(w) = -w**2 + 9*w - 8. Let a be f(8). Suppose -m + 10 = -a*m. What is the units digit of m?
0
Let u(d) = d + 10. What is the units digit of u(3)?
3
Let s = 221 + -101. What is the tens digit of s?
2
Let k(y) = y**2 + 5*y - 10. Let s be k(-7). Suppose 0*w + 2*n + 22 = s*w, -4*w - 4*n = 8. Let l = 2 + w. What is the units digit of l?
5
Suppose -2*p - 12 = b - 4, 3*p + 12 = 4*b. Suppose 3*d = -0*h - 5*h + 50, b = d + 5*h - 20. What is the tens digit of d?
1
Suppose -4*y + 5*g + 36 = 0, 5*g - 12 = -y - 3. Let u = y - 14. What is the tens digit of 4*4*u/(-5)?
1
Let x = -116 + 119. What is the units digit of x?
3
Let q(d) be the third derivative of d**5/60 + d**4/4 + d**3/3 - 9*d**2. What is the tens digit of q(-9)?
2
Let s(r) = r**2 + 5*r + 2. Let v be s(-5). Suppose -6*i + 16 = -v*i. What is the units digit of i?
4
Let k be (-1 + 1)*(-2)/(-4). Let p = 0 - k. Suppose -2*x + 19 = -5*d, p = -4*x - 2*d - 3*d - 7. What is the units digit of x?
2
Let o = -64 + 17. Let b = -22 - o. What is the tens digit of b?
2
Suppose 2*b - 6 = 10. Let x(c) = 3*c + 7. What is the tens digit of x(b)?
3
Suppose -6*h - 24 = -4*h. Let k = 1 - h. What is the units digit of k?
3
Let g be 4 - (0 - -1)*1. Let v(s) = -1 + g + 2*s**3 - s**3 + 6*s**2. What is the units digit of v(-6)?
2
Let b(v) = -2*v**3 - 11*v**2 + 2*v + 15. Let w = 1 - -4. Let p(l) = 3*l**3 + 17*l**2 - 3*l - 22. Let h(i) = w*p(i) + 7*b(i). What is the units digit of h(-8)?
3
Suppose -2*g + 2 = -4*i + 6, -3*g - 2 = -4*i. Suppose 4*r - 48 = -3*p + 9, 0 = -5*r + g*p + 77. What is the units digit of r?
5
Suppose x = 4*x. Suppose 30 = 8*c - 5*c. Suppose -7*b + c*b - 42 = x. What is the units digit of b?
4
Let i(l) = l**2 - 3*l. Let t be i(3). Suppose 0 = q - t*q + 3, 3*m - 18 = 4*q. Suppose -m*p - 20 = -7*p. What is the units digit of p?
4
Let l(b) be the third derivative of -b**4/24 + 4*b**3/3 + 2*b**2. Let r be l(6). Suppose 0 = -r*h - h + 3. What is the units digit of h?
1
Suppose -54 = 2*d - 2*f, -2*d - d - 81 = 2*f. Let l = -13 - d. What is the units digit of l?
4
Suppose 0 = -0*f - f + 2*r - 1, 2*f + 3*r + 2 = 0. Let h(g) = 7*g**2 - g - 1. What is the units digit of h(